*s. Let m(t) be the second derivative of f(t). Suppose 8 = h + h. What is m(h)?
1
Let t(h) = 13*h + 7. Let b be 2/4*((-3)/(-1) + -3). Let g(c) = -9*c + 0 - 2 - 3 + b. Let f(s) = 7*g(s) + 5*t(s). Give f(-2).
-4
Let w(f) be the third derivative of f**7/840 + f**6/60 - f**5/120 - 5*f**4/24 + 71*f**3/6 + f**2 + 16*f. Let p(i) be the first derivative of w(i). Give p(-5).
25
Let k(q) be the third derivative of -q**5/6 - q**3/3 - 286*q**2 + 2. Give k(1).
-12
Let c(k) be the second derivative of k**3/3 + 9*k**2/2 + 572*k. What is c(6)?
21
Let f(b) = -37*b - 71. Let j be 132/(-44) + 1/1 + 0. What is f(j)?
3
Let o(y) be the third derivative of 37*y**2 - 1/6*y**4 + 0 + 0*y - 1/3*y**3 - 1/60*y**5. Give o(-2).
2
Let q = 24 + -30. Let i be ((-6)/1)/(q/4). Let y(g) be the second derivative of g**4/12 - 7*g**3/6 + 5*g**2/2 - 7*g - 7. What is y(i)?
-7
Let r(d) = -d - 24. Let o be r(0). Suppose i - 6*i = 95. Let b = i - o. Let q(a) = a**3 - 6*a**2 + 4*a + 2. Determine q(b).
-3
Let o(z) = -z**2 - 23*z - 956 + 20*z + 16*z + 983. Give o(15).
-3
Let d(x) = -x**2 - 5*x + 8. Let z be 2/((-18184)/2600 - -7). Let b = z - 332. Give d(b).
-6
Suppose 32*c = 58*c - 25844. Let r = 998 - c. Let l(w) = 3*w**2 - 8*w - 3. Give l(r).
13
Let m(t) be the second derivative of t**4/3 - 7*t**3/6 - 9*t**2/2 + t - 3633. What is m(-4)?
83
Let c(t) be the third derivative of -t**6/12 + t**5/30 + 1917*t**2. What is c(2)?
-72
Let z(s) = 31*s + 125. Let o(p) = 11*p + 42. Let q(m) = -17*o(m) + 6*z(m). Let k be q(33). Let b(r) = -2*r - 6. Give b(k).
-12
Suppose 5*m + 4*b = -18, 2 = -3*b - 4. Suppose 0 = -5*o + 4*x - 6*x + 18, 14 = o + 3*x. Let w(d) = -1 + 1 + o - d + 4*d. Calculate w(m).
-4
Let g(u) be the second derivative of -u**5/20 - u**4/12 + 14*u**3/3 - 13*u**2/2 - 239*u. Calculate g(-6).
-1
Suppose -5*x + 4*g = 0, 5*x = 2*g + 193 - 203. Let d(c) = c**3 + 8*c**2 + 8*c + 10. Let u be d(-7). Let z(n) = -n**3 + 4*n + 2 - 5*n - 5*n**2 - u*n. Give z(x).
2
Let f be 54/((-9)/(-84)*(-21)/(-6)). Let l(y) = -146 - f - 2*y + 288 - 4*y**2. Determine l(-2).
-14
Let f(n) = -n**2 - 10*n - 13. Let i be f(-2). Let b(v) = v**i - 45*v - 2*v**2 - 47*v + 90*v. Give b(-2).
-12
Suppose -z = 4*l - 49, -10*z + 65 = 5*l - 8*z. Let a(g) = l*g - 22*g**2 + 12*g**2 + 6*g**2 + 1 + 5*g**2. Determine a(-10).
-9
Let g(f) = f**2 - 8*f - 43. Let c(j) = 8*j**3 - 14*j**2 + 6*j - 8. Let i be c(2). Give g(i).
5
Let p(c) be the first derivative of -5*c**4/4 + c**3/3 + 2*c**2 + 7*c - 3049. Determine p(-2).
43
Suppose -3*l = -2*y - 15, -l + 7 - 2 = -y. Suppose 0 = -t - 5*p - 3, 5*p + 75 = l*t. Let v(a) = 18 + 14 + 18 - 58 + a. Give v(t).
4
Let o(y) = y**2 - 12*y + 16. Let a be o(12). Suppose -a = 2*l - 6*l - 3*k, l + 15 = 4*k. Let r(c) be the second derivative of -c**4/3 - 15*c. Give r(l).
-4
Let a = -6761 + 6758. Let s(o) = -9*o**2 - 4*o - 2. Give s(a).
-71
Let r(j) = 4*j**2 + 69*j - 557. Let i be r(6). Let h(p) be the first derivative of -2*p**3 - 1 - p + 1/2*p**2. Determine h(i).
-6
Let o be (-1)/(13*(-11)/(-715)). Let u(c) = 3*c**2 + 13*c + 5. Give u(o).
15
Let l(w) = -3 - 67 + 85 - 19*w - 6. Give l(3).
-48
Suppose 0 = -2*x - 3*j + 14, 13*x - 15*x = -4*j. Suppose -2*y = -5*p + 8, 0 = 3*p - p - x*y. Let u(s) = 2*s**3 - 2*s. What is u(p)?
12
Let y(b) be the second derivative of -b**5/20 + 5*b**4/6 - 11*b**3/6 + 6*b**2 + 739*b. Suppose -5*p + 4*p - 10 = -q, -2*p - 47 = -5*q. Give y(q).
-6
Let t(g) be the second derivative of -g**8/6720 - g**7/630 + g**6/720 + g**5/120 + 8*g**4/3 + 13*g - 2. Let q(l) be the third derivative of t(l). What is q(-3)?
-11
Let n be 15/(-25) - (-18)/5. Let g(r) = -5*r**3 + 7 - 8 + n*r**3. Determine g(-2).
15
Let a(n) = 5*n + 16. Let h(u) = -u. Let l(s) = -a(s) - 4*h(s). Let y be (-2)/7 - -4*8/112. Determine l(y).
-16
Let w(y) = -8*y + 1. Suppose 30 = -3*o + 8*o. Suppose -5*m - o = -16. Suppose -1 = f - 4*z + 8, m*z = 4*f + 8. Determine w(f).
9
Let t(k) = -5*k - 1. Let p = 426 + -415. Let s be (-1)/(0 + 2/24). Let a = p + s. Determine t(a).
4
Let c be -4 + (5 - 1 - 2) + -8. Let r(y) = y**3 + 9*y**2 - 14*y + 4. Give r(c).
44
Let s(i) be the third derivative of i**5/60 - 4*i**3/3 - 3*i**2. Suppose 4*z + 135 = -11*z. Let n be (-33)/110 + z/(-30). What is s(n)?
-8
Let t = 282 - 273. Let f(b) = 4 - b - 2 - 11 + 2*b. What is f(t)?
0
Let b(y) = 2*y**2 - 3*y**2 - 6 + 4*y + 2*y**2. Suppose 611*d = 597*d - 70. Determine b(d).
-1
Let d(m) = -14*m**3 - m**2 - 2*m. Let t(b) = 57*b**3 + 4*b**2 + 8*b - 65. Let a(y) = 4*d(y) + t(y). What is a(0)?
-65
Let a(u) = u + 1 - 1. Let p = 242 - 239. Let w be (3/2)/(9/(p - -15)). Give a(w).
3
Let x(i) = -6*i**3 + 12*i**2 + 25*i - 21. Let k(m) = 5*m**3 - 12*m**2 - 26*m + 21. Let g(r) = -7*k(r) - 6*x(r). Determine g(-7).
0
Let c(i) be the second derivative of -i**4 + 1/60*i**5 + 0 + 3*i + 0*i**3 + 0*i**2 - 1/720*i**6. Let x(n) be the third derivative of c(n). Determine x(3).
-1
Let j(n) be the first derivative of n**2/2 - 18*n + 1955. Determine j(18).
0
Let n(l) be the first derivative of l**4/12 + 4*l**3/3 - 4*l**2 - 310*l - 296. Let u(i) be the first derivative of n(i). Give u(-9).
1
Let u(m) = 2*m - 368. Let k(y) = -14. Let b(s) = -26*k(s) + u(s). Let w(q) = q**2 - 5*q - 10. Let a be w(7). Determine b(a).
4
Let x = -6437 + 6452. Let r(h) = h**2 - 15*h + 23. Determine r(x).
23
Let u(z) be the third derivative of z**4/4 - 7*z**3 - 607*z**2. Calculate u(7).
0
Suppose 0 = v + 4*b + 12, 24*b - 20*b - 4 = v. Let x(l) be the second derivative of -l**3/6 - l**2 + 19*l. Determine x(v).
6
Let s(p) = 3*p + 11. Let q(b) = -7*b - 23. Let t(h) = 6*q(h) + 13*s(h). Let m(d) = -11*d + 19. Let j(u) = -4*m(u) + 14*t(u). Determine j(9).
12
Let y(b) be the first derivative of b**4/12 + 3*b**3/2 - 9*b**2 + 88*b - 82. Let t(f) be the first derivative of y(f). Calculate t(-11).
4
Let r(d) = 4*d + 1. Suppose -9*t + 520 = -767. Suppose -16*i + t = -3*i. Let s be (-114)/(-22) - 2/i. Determine r(s).
21
Let b(p) = -p**2 - 2*p - 1. Suppose -23 = -m + 3*j - 10, 3*m - 2*j - 11 = 0. Let u(n) = -6*n - 7. Let o(s) = m*u(s) - 2*b(s). Determine o(-2).
7
Suppose 24 = -6*w + 10*w. Let s = -22 + 24. Let f(l) = 27*l + s - 14*l - 14*l. What is f(w)?
-4
Let b(o) = 53*o**3 - o**2 + 3*o - 9. Let s(l) = -29*l**3 + l**2 - 2*l + 5. Let r(v) = -6*b(v) - 11*s(v). What is r(3)?
-7
Let i(y) be the second derivative of -1 + 1/6*y**3 + 0*y**2 + 78*y. Let k be -1*1 - -2 - 4. Calculate i(k).
-3
Suppose 5*p + u = 6*u + 45, -2*p - 5*u = -11. Let r be 7 + (-7)/(14/p). Let y(f) = 1 + r - 8 - 17*f + 7*f - f**2. Give y(-9).
5
Let g(b) = b**3 + 4*b**2 + 3*b - 4. Let v(n) be the first derivative of -13*n**2 + 49*n - 56. Let u be v(2). Calculate g(u).
-4
Let w(y) = y**3 - 3*y**2 - 3*y. Let o be ((-16)/(17 + -81))/(2/(-8)). Give w(o).
-1
Let u(q) = -q**3 + q**2 + 2*q - 2. Suppose -17*c - 14 = -15*c. Let s be 8 + -6 + (c - -5). Give u(s).
-2
Let c = -376 - -384. Suppose 16*r - c*r = 8. Let l(x) = 30*x**3 - x**2 + 1. Give l(r).
30
Let g(u) = -2*u - 17. Suppose -1222*s + 1251*s = 0. Give g(s).
-17
Let m(g) = 5 + 10307*g - 6 - 10263*g. What is m(1)?
43
Let m(u) be the first derivative of u**3/3 - 4*u**2 + u + 12. Let a be (-114)/(-399) - (-54)/7. Calculate m(a).
1
Suppose -10*k + 9239 = -14701. Let v(s) = -2 - 3 - k*s + 2392*s + 1 + 7. Determine v(1).
1
Let g(r) = -15*r**2 + 74*r + 57. Let k(x) = -4*x**2 + 19*x + 14. Let t(n) = 6*g(n) - 22*k(n). Let p be t(14). Let u(h) = h + 9. Determine u(p).
15
Suppose -4*r = -2*o - 34, -1533*o = 5*r - 1538*o - 65. Let h(f) be the first derivative of f**3/3 - 2*f**2 + 6*f - 2. Give h(r).
6
Let s = -2938 + 2945. Let f(r) = r**3 - 6*r**2 - 8*r + 7. Determine f(s).
0
Suppose -85*m - 15 = -88*m. Let z(k) = 2*k**2 - 6*k - 27. Calculate z(m).
-7
Suppose 1350*t - 66 = 1328*t. Let g(x) = -9*x. Calculate g(t).
-27
Let t(d) = 8*d**2 + 49*d + 30. Let n(x) = 7*x**2 + 45*x + 28. Let k(z) = 6*n(z) - 5*t(z). Determine k(-12).
6
Let z(y) = 3*y**3 + 14*y**2 - 37*y + 60. Let r(j) = 15 + 5 - 9*j**3 + 4*j + 10*j**3 + 5*j**2 - 17*j. Let l(t) = 17*r(t) - 6*z(t). Calculate l(0).
-20
Let w(y) = -2*y - 5*y + 5*y - 2*y + 12 + 17. Let k(i) = -i + 9. Let h be k(3). Determine w(h).
5
Suppose 38*d = 44*d + 30. Let i(z) = 10*z**3 - 15*z**2 + 12*z - 19. Let y(v) = -7*v**3 + 10*v**2 - 8*v + 13. Let x(s) = d*i(s) - 7*y(s). Give x(4).
4
L